f?
3, 5
Suppose -4 + 2 = 4*a + 2*y, 5*y + 5 = -3*a. Suppose -q - 16 = -15, d + 5*q - 599 = a. What are the prime factors of d?
2, 151
Suppose 29241 = 5*q + 4*w, -42*q - 3*w = -41*q - 5857. What are the prime factors of q?
5, 7, 167
Let p = -214 - -224. Suppose 4*x - 15*b + p*b - 3880 = 0, 3*x + 5*b - 2875 = 0. What are the prime factors of x?
5, 193
Let f = -46421 - -90333. What are the prime factors of f?
2, 11, 499
What are the prime factors of (((-825)/(-20))/(-11))/((-4)/((-1952)/(-6)))?
5, 61
Let z = -1583 + 4047. List the prime factors of z.
2, 7, 11
Suppose -112 + 4372 = 2*v. Suppose 0 = 3*m - 9, v - 504 = 3*h + 4*m. List the prime factors of h.
2, 269
Suppose -28*o + 8 = -24*o. Suppose -2*x + 1524 = o*d, 0 = 16*d - 14*d + x - 1525. List the prime factors of d.
7, 109
Let n(q) = 3*q - 15. Let h = 75 - 68. Let u be n(h). What are the prime factors of 117 + (4 - u/3)?
7, 17
Let t be 3/(-3) - (5 - (3 - -7)). Suppose -181 = -s + 4*w, 2*w = -6*s + t*s + 342. List the prime factors of s.
173
Suppose 0 = 6*v + 3 - 9. Suppose -2*s + 1 = -v, -2*g - 3*s + 101 = 0. Let m = g - 36. List the prime factors of m.
13
Let j(g) = g**2 - 3*g - 33. Let f be j(11). Suppose -s + 11 = -f. List the prime factors of s.
2, 3, 11
Let j(s) = -11*s + 14. Let x be j(2). List the prime factors of 515/(-5)*4*4/x.
2, 103
Let k(y) = 17*y**2 - 45*y + 341. Let n be k(17). Suppose -9*d + n = -5348. What are the prime factors of d?
1093
Let z = -1217 - -1744. What are the prime factors of (-34)/z + 9800/62?
2, 79
Let a be (-3)/(1 + -2) - (104 - -13). Let c = a - 490. List the prime factors of (c/6)/(4/(-6)).
151
Suppose -2*u + 40546 = 5*c - 14876, 4*c + 27672 = u. What are the prime factors of u?
2, 3, 577
Suppose -10194 + 4254 = -5*s. Let y = s - 765. What are the prime factors of y?
3, 47
Suppose -2*p + 84*b + 32854 = 88*b, -3*b + 32859 = 2*p. List the prime factors of p.
3, 5479
Let h(n) = n**3 + 25*n**2 + 19*n - 32. Let x(l) = -2*l. Let g be x(12). Let c be h(g). Let k = -62 + c. What are the prime factors of k?
2, 13
What are the prime factors of 141540/120 + 7/(-2)?
2, 3, 7
Suppose 2*n + 6*s = 2*s, n - 5*s = 14. Let w(p) = 5*p**3 - 14*p**2 + 9*p - 14. What are the prime factors of w(n)?
2, 59
Let l = 966 - 564. List the prime factors of 1/((1 + 0)/(l - -19)).
421
Let u(r) = 2*r**3 + 14*r**2 + 11*r + 1. Let n(h) = -2*h**3 - 15*h**2 - 10*h - 1. Let g(i) = -6*n(i) - 7*u(i). What are the prime factors of g(-5)?
2, 67
Let s = 180 + -182. What are the prime factors of ((-26)/4 - -5) + (-197)/s?
97
Suppose 52*q + 92012 - 22148 = 76*q. List the prime factors of q.
41, 71
Let q be -7*-38*5/70. Suppose q*j + 4*j - 6624 = 0. What are the prime factors of j?
2, 3
Let t(c) be the first derivative of 1/3*c**3 + 2*c + 11 - 1/2*c**2. List the prime factors of t(-3).
2, 7
Let t be (-7)/(28/12) - (2 - 20). Suppose t*u - 14984 = -1499. What are the prime factors of u?
29, 31
What are the prime factors of (-3)/7 - 416637/(-189)?
2, 19, 29
Let z = 138803 + -74703. List the prime factors of z.
2, 5, 641
Suppose 0 = 8*o - 5978 - 2966. Suppose 4*c - o = -3*b, -4*b + 1112 = -b + c. List the prime factors of b.
2, 5, 37
Suppose 1887*s = 1954*s - 1676072. What are the prime factors of s?
2, 53, 59
Suppose 0 = 3*r - 4*r - 5. Let g be 4/(12/(-333))*(4 + r). Suppose 2*s - 4*s = -5*o + g, 3*o - 5*s - 78 = 0. List the prime factors of o.
3, 7
Let d = 195 + -195. List the prime factors of (-635)/(-5) + d + 6/(-3).
5
Suppose 0 = -3*z + 2*f + 8414, -10*f + 2786 = z - 8*f. List the prime factors of z.
2, 5, 7
Suppose -y = 4 - 2, 1 = -3*b - 5*y. Let t(r) = -106*r - 4. Let s be t(-4). Suppose b*j - s = -2*j. List the prime factors of j.
2, 3, 7
What are the prime factors of 452763/81 - (-1)/3?
2, 5, 13, 43
Let z(x) = 4*x**2 - 7*x - 7. Suppose 0 = 4*v - 5*l + 4, 4 = -2*v + 2*l + 2. Let k be (-2 - ((2 - 6) + -2))*v. List the prime factors of z(k).
5, 17
Let l = -1627 + 3898. Suppose 0 = 7*x - l - 998. What are the prime factors of x?
467
Suppose -3002 = -2*i - x + 37306, i - 20181 = 4*x. What are the prime factors of i?
3, 6719
Suppose 0 = 12*d - 18*d - 18. Let z be (-21)/(-3) + 3 + d. Suppose z*l - 12*l = -515. What are the prime factors of l?
103
Suppose -12*a + 10*a - 548548 = -28*a. List the prime factors of a.
2, 7, 11, 137
Let t be (6 + -16)/(-2) - 961. What are the prime factors of 5*t*(-8)/160?
239
Let x be (7 - 1016/56)/((-6)/28). Suppose -4980 = -5*f + 4*y, -47*y = -f - x*y + 967. What are the prime factors of f?
2, 31
Suppose 2*k = 5*t - 261, -282*t + 278*t + 7*k = -171. List the prime factors of t.
5, 11
Let t = 16 + -13. Let v(j) = -2*j - 7*j**t + 1 + 0*j + j**2 + 0*j**2 + 0. What are the prime factors of v(-2)?
5, 13
Let a(h) = -15*h - 31. Suppose 2*o = 5*u + 131, -u - 37 = -0*o - 4*o. List the prime factors of a(u).
2, 43
Suppose 0 = 5*d + 5 - 80. Suppose 657 = -i + 4*i + u, 0 = 5*u - d. What are the prime factors of i?
2, 109
What are the prime factors of 111/(-24) + 5 + 114221*3/24?
2, 11, 59
Suppose -5*d - 234 = -4*o, 0*o = -d - o - 54. What are the prime factors of (31 - 3)*(-1 - d)?
2, 7
Suppose 4*r = -n + 9377 + 5632, -2*r = n - 7503. List the prime factors of r.
3, 139
Suppose 0 = -4434*r + 4429*r + 38100. What are the prime factors of r?
2, 3, 5, 127
Let g(u) = 93*u**2 - 22*u - 610. What are the prime factors of g(-15)?
5, 4129
Suppose 24*u - 12 = 22*u. Suppose u*w - 2 = 10. Suppose -w*g = 4*p - 248, -3*g - 9*p + 6*p = -369. List the prime factors of g.
2, 61
Let d be (-2)/(-3)*(-2 - -5). Suppose 2*h + h = d*a + 118, 4*h = -16. Let k = a + 136. What are the prime factors of k?
71
Let o be (-1185)/3 - ((5 - 0) + -4). Let h = -135 - o. List the prime factors of h.
3, 29
Suppose -4*t + 26 = 2*z, t + 8 = -z + 17. What are the prime factors of (-2)/z - ((-6816)/15 + 10)?
2, 3, 37
Suppose 5*w + 7 = -5*u + 182, 3*u + 4*w - 102 = 0. Suppose 35*m + 2553 = u*m. What are the prime factors of m?
23, 37
Let r(l) = -22*l**3 + l**2 - l - 1. Let d be r(-1). Suppose -2*f + 5*t = 75, 11*t + 102 = -3*f + 8*t. Let q = d - f. List the prime factors of q.
2, 29
Let j = -22 + 12. What are the prime factors of (-2110)/(-3) - j/15?
2, 11
Suppose 6*r - 3*j - 18918 = 0, 440*j = r + 435*j - 3126. List the prime factors of r.
2, 3, 263
List the prime factors of 69/(-276) + (-2)/(-16)*146858.
3, 29, 211
Let l = 445 + -187. Suppose y - l = 4*w, -4*w = 3*y - 2*y - 218. What are the prime factors of y?
2, 7, 17
Suppose 0 = -i + 4*b + 27057, 2*i = 2*b + 3*b + 54123. List the prime factors of i.
3, 7, 1289
Let q = 34264 + -30308. What are the prime factors of q?
2, 23, 43
Let l(d) = d + 8. Let g be l(-3). Suppose -3*a + g*h = 61, -2*h + 2 = -a - 20. Let i(t) = -t**3 - 11*t**2 + 5*t + 14. List the prime factors of i(a).
2, 7
Suppose 4*m = l - 11425, 4*l - m - 34528 = 11172. What are the prime factors of l?
5, 457
Suppose 45*l - 70 = 40*l. Let r = l - -31. Let n = 109 - r. What are the prime factors of n?
2
Suppose 27 = 6*s + 45. List the prime factors of ((900/3)/s)/(-1).
2, 5
Suppose -31078 + 10477 = -63*j. What are the prime factors of j?
3, 109
Let t = -129 + 126. List the prime factors of ((-65)/15)/((-2)/168) - t.
367
Let o(f) = -12376*f. Let w(u) = 91*u. Let b(l) = -2*o(l) - 273*w(l). Let s be 12/(-8) + 5/10. What are the prime factors of b(s)?
7, 13
What are the prime factors of 10919/1*((1 - 5) + 5)?
61, 179
Suppose -282*v = -269*v - 169. Suppose -v*g + 2594 + 2931 = 0. List the prime factors of g.
5, 17
Let p = 3893 - -1661. What are the prime factors of p?
2, 2777
Let q(l) = 1441*l + 3702. List the prime factors of q(39).
3, 41, 487
Suppose -2*l = 5*i - 297933, 164993 = 3*i + 4*l - 13792. What are the prime factors of i?
3, 19861
Suppose -36 = 8*o + o. List the prime factors of o/(48/(-606))*8.
2, 101
Let p = 11474 - -8183. What are the prime factors of p?
11, 1787
Suppose -5*z = 123 - 148. Suppose 3*q + 1092 = 3*s - 303, 0 = 2*s + z*q - 937. What are the prime factors of s?
2, 233
Suppose -32 = -3*w - x, 3*w - 5*x - 14 - 6 = 0. Suppose 34 = w*i - 6. Suppose -5*c = -i*z - 236, -2*z - 4 = -2*c + 90. List the prime factors of c.
2, 3
Suppose -2*c - 5599 = -5*w + 5596, 5*w = 5*c + 11180. List the prime factors of w.
3, 83
Let w = -15707 + 50220. List the prime factors of w.
34513
Let y be 6/9 + 304/12 + -3. 